{"id":832,"date":"2018-08-09T16:53:19","date_gmt":"2018-08-09T16:53:19","guid":{"rendered":"http:\/\/vavenue.lifeis.design\/demos\/vavenue-fragrances\/?page_id=832"},"modified":"2023-12-27T07:54:45","modified_gmt":"2023-12-27T10:54:45","slug":"locales","status":"publish","type":"page","link":"https:\/\/bellotaycaviar.com\/sitio\/locales\/","title":{"rendered":"Locales"},"content":{"rendered":"<div class=\"wpb-content-wrapper\"><p>[vc_section][vc_row][vc_column][vc_column_text el_class=&#8221;fancy-title&#8211;small&#8221;]<\/p>\n<h4 dir=\"auto\" style=\"text-align: center;\">Tienda especializada en \u00edconos de la gastronom\u00eda, atendida por expertos. Te esperamos en nuestro local en Recoleta Mall.<\/h4>\n<p>[\/vc_column_text][\/vc_column][\/vc_row][\/vc_section][vc_row css=&#8221;.vc_custom_1533836450302{margin-top: 30px !important;margin-bottom: 30px !important;padding-top: 3% !important;padding-bottom: 3% !important;}&#8221;][vc_column max_width_align=&#8221;centered&#8221; max_width_align_tablet=&#8221;centered&#8221; max_width_align_mobile=&#8221;centered&#8221; max_width_align_small=&#8221;centered&#8221; max_width=&#8221;1200px&#8221;][vc_gallery type=&#8221;image_grid&#8221; images=&#8221;3113,2971,2976,2910,2909,2877,2861,2830,2725&#8243;][vc_column_text]<strong>Recoleta Mall<\/strong><br \/>\nL. 124 \u2022 Nivel 1<br \/>\nHorario: 09:00 &#8211; 21:00[\/vc_column_text][vc_row_inner][vc_column_inner][vc_column_text]<\/p>\n<h1 style=\"text-align: center;\">Date un gusto, el tiempo es hoy!<\/h1>\n<p>[\/vc_column_text][vc_column_text]<\/p>\n<h4 style=\"text-align: center;\">Mundos de lujo: Jam\u00f3n,\u00a0Caviar\u00a0y\u00a0Champagne<\/h4>\n<p>[\/vc_column_text][\/vc_column_inner][\/vc_row_inner][vc_row_inner][vc_column_inner width=&#8221;1\/3&#8243; css=&#8221;.vc_custom_1533836355988{padding-right: 30px !important;}&#8221;][vc_column_text]<\/p>\n<h3>Exquisiteces para Expertos<\/h3>\n<p>[\/vc_column_text][vc_column_text]La expansi\u00f3n del Jam\u00f3n espa\u00f1ol, como pasa con las cosas buenas, ha irrumpido con fuerza en el Mundo del lujo, como si de\u00a0Caviar\u00a0o\u00a0Champagne\u00a0se tratase, ha logrado situarse en el \u00a0mercado de las altas esfera de manera r\u00e1pida y robusta.[\/vc_column_text][\/vc_column_inner][vc_column_inner width=&#8221;1\/3&#8243; css=&#8221;.vc_custom_1533836363291{padding-right: 30px !important;}&#8221;][vc_empty_space][vc_column_text]<strong>Nuestros clientes son muy exigentes por eso solo ofrecemos lo mejor&#8230;<\/strong>[\/vc_column_text][vc_column_text]En nuestros locales podr\u00e1s encontrar marcas de gran calidad Gourmet como alternativa para al consumidor mas exigente. El <em>jam\u00f3n de bellota<\/em>\u00a0es una delicatessen en toda regla, porque no hay paladar que se precie que pueda resistirse a este manjar tan puro espa\u00f1ol.[\/vc_column_text][\/vc_column_inner][vc_column_inner width=&#8221;1\/3&#8243;][vc_images_carousel images=&#8221;2735,2734,2733,2732&#8243; img_size=&#8221;full&#8221; autoplay=&#8221;yes&#8221; hide_prev_next_buttons=&#8221;yes&#8221; wrap=&#8221;yes&#8221;][\/vc_column_inner][\/vc_row_inner][\/vc_column][\/vc_row][vc_row][vc_column][vc_column_text]<\/p>\n<h1 style=\"text-align: center;\">El Fundador<\/h1>\n<p>[\/vc_column_text][vc_row_inner][vc_column_inner width=&#8221;1\/4&#8243;][vc_column_text]<a href=\"http:\/\/bellotaycaviar.com\/sitio\/wp-content\/uploads\/2021\/06\/Pablo-Pries.jpg\"><img fetchpriority=\"high\" decoding=\"async\" class=\"alignnone size-medium wp-image-2763\" src=\"http:\/\/bellotaycaviar.com\/sitio\/wp-content\/uploads\/2021\/06\/Pablo-Pries-274x300.jpg\" alt=\"\" width=\"274\" height=\"300\" srcset=\"https:\/\/bellotaycaviar.com\/sitio\/wp-content\/uploads\/2021\/06\/Pablo-Pries-274x300.jpg 274w, https:\/\/bellotaycaviar.com\/sitio\/wp-content\/uploads\/2021\/06\/Pablo-Pries-91x100.jpg 91w, https:\/\/bellotaycaviar.com\/sitio\/wp-content\/uploads\/2021\/06\/Pablo-Pries-500x548.jpg 500w, https:\/\/bellotaycaviar.com\/sitio\/wp-content\/uploads\/2021\/06\/Pablo-Pries.jpg 550w\" sizes=\"(max-width:767px) 274px, 274px\" \/><\/a>[\/vc_column_text][\/vc_column_inner][vc_column_inner width=&#8221;3\/4&#8243;][vc_column_text]<\/p>\n<div class=\"wpb_text_column wpb_content_element \">\n<div class=\"wpb_wrapper\">\n<p><strong>El \u00fanico caviar m\u00e1ster del pa\u00eds<\/strong>.<\/p>\n<p><span class=\"dropcap-letter big-dropcap h1-dropcap\"><strong>L<\/strong><\/span>leva 17 a\u00f1os en el mundo del lujo y fue a los 18 a\u00f1os de edad cuando comenz\u00f3 a trabajar en gastronom\u00eda.\u00a0 Con la premisa de dedicarse a algo que nadie m\u00e1s supiera, a Pries se le ocurri\u00f3 especializarse en caviar luego de una fastuosa fiesta de sabores gourmet.<\/p>\n<div class=\"wpb_text_column wpb_content_element av5_custom_1623170123_1578570331\">\n<div class=\"wpb_wrapper \">\n<p>Con un perfil de <em>bon vivant<\/em> y un gusto refinado, producto en parte por la d\u00e9cada que trabaj\u00f3 como inspector de hoteles de lujo para la revista editorial brit\u00e1nica Cond\u00e9 Nast, Pries gener\u00f3 su primer evento en el a\u00f1o 2004 en Chile, donde ofreci\u00f3 a sus invitados dos kilos de caviar con respectivos maridajes. As\u00ed naci\u00f3 su primer encuentro con este \u00edcono de lujo de la gastronom\u00eda.<\/div>\n<\/div>\n<\/div>\n<\/div>\n<p>[\/vc_column_text][\/vc_column_inner][\/vc_row_inner][\/vc_column][\/vc_row][vc_row css=&#8221;.vc_custom_1533838765396{padding-right: 5% !important;padding-bottom: 8% !important;padding-left: 5% !important;}&#8221;][vc_column max_width_align=&#8221;centered&#8221; max_width_align_tablet=&#8221;centered&#8221; max_width_align_mobile=&#8221;centered&#8221; max_width_align_small=&#8221;centered&#8221; max_width=&#8221;800px&#8221;][vc_empty_space height=&#8221;50px&#8221;][vc_row_inner][vc_column_inner width=&#8221;1\/4&#8243;][vc_icon icon_fontawesome=&#8221;fas fa-plane&#8221; color=&#8221;sandy_brown&#8221; background_style=&#8221;rounded&#8221; background_color=&#8221;black&#8221; align=&#8221;center&#8221;][vc_column_text]<\/p>\n<p style=\"text-align: center;\"><strong>ENVIOS A TODO EL PAIS<\/strong><\/p>\n<p>[\/vc_column_text][\/vc_column_inner][vc_column_inner width=&#8221;1\/4&#8243;][vc_icon icon_fontawesome=&#8221;fas fa-random&#8221; color=&#8221;sandy_brown&#8221; background_style=&#8221;rounded&#8221; background_color=&#8221;black&#8221; align=&#8221;center&#8221;][vc_column_text]<\/p>\n<p style=\"text-align: center;\"><strong>IMPORTADOR DIRECTO<\/strong><\/p>\n<p>[\/vc_column_text][\/vc_column_inner][vc_column_inner width=&#8221;1\/4&#8243;][vc_icon icon_fontawesome=&#8221;fas fa-certificate&#8221; color=&#8221;sandy_brown&#8221; background_style=&#8221;rounded&#8221; background_color=&#8221;black&#8221; align=&#8221;center&#8221;][vc_column_text]<\/p>\n<p style=\"text-align: center;\"><strong>GARANTIA DE CALIDAD<\/strong><\/p>\n<p>[\/vc_column_text][\/vc_column_inner][vc_column_inner width=&#8221;1\/4&#8243;][vc_icon icon_fontawesome=&#8221;fas fa-dollar-sign&#8221; color=&#8221;sandy_brown&#8221; background_style=&#8221;rounded&#8221; background_color=&#8221;black&#8221; align=&#8221;center&#8221;][vc_column_text]<\/p>\n<p style=\"text-align: center;\"><strong>PAGO SEGURO<\/strong><\/p>\n<p>[\/vc_column_text][\/vc_column_inner][\/vc_row_inner][\/vc_column][\/vc_row]<\/p>\n<\/div>","protected":false},"excerpt":{"rendered":"<p>[vc_section][vc_row][vc_column][vc_column_text el_class=&#8221;fancy-title&#8211;small&#8221;] Tienda especializada en \u00edconos de la gastronom\u00eda, atendida por expertos. Te esperamos en nuestro local en Recoleta Mall. [\/vc_column_text][\/vc_column][\/vc_row][\/vc_section][vc_row css=&#8221;.vc_custom_1533836450302{margin-top: 30px !important;margin-bottom: 30px !important;padding-top:<span class=\"excerpt-hellip\"> [\u2026]<\/span><\/p>\n","protected":false},"author":2,"featured_media":0,"parent":0,"menu_order":0,"comment_status":"closed","ping_status":"closed","template":"","meta":{"_themeisle_gutenberg_block_has_review":false,"footnotes":""},"class_list":["post-832","page","type-page","status-publish","hentry"],"_links":{"self":[{"href":"https:\/\/bellotaycaviar.com\/sitio\/wp-json\/wp\/v2\/pages\/832","targetHints":{"allow":["GET"]}}],"collection":[{"href":"https:\/\/bellotaycaviar.com\/sitio\/wp-json\/wp\/v2\/pages"}],"about":[{"href":"https:\/\/bellotaycaviar.com\/sitio\/wp-json\/wp\/v2\/types\/page"}],"author":[{"embeddable":true,"href":"https:\/\/bellotaycaviar.com\/sitio\/wp-json\/wp\/v2\/users\/2"}],"replies":[{"embeddable":true,"href":"https:\/\/bellotaycaviar.com\/sitio\/wp-json\/wp\/v2\/comments?post=832"}],"version-history":[{"count":48,"href":"https:\/\/bellotaycaviar.com\/sitio\/wp-json\/wp\/v2\/pages\/832\/revisions"}],"predecessor-version":[{"id":3271,"href":"https:\/\/bellotaycaviar.com\/sitio\/wp-json\/wp\/v2\/pages\/832\/revisions\/3271"}],"wp:attachment":[{"href":"https:\/\/bellotaycaviar.com\/sitio\/wp-json\/wp\/v2\/media?parent=832"}],"curies":[{"name":"wp","href":"https:\/\/api.w.org\/{rel}","templated":true}]}}